-14
Convert 20 (base 6) to base 5.
22
Convert -1 (base 4) to base 6.
-1
What is -24 (base 15) in base 10?
-34
What is -10 (base 11) in base 12?
-b
What is 6 (base 10) in base 2?
110
What is -126 (base 7) in base 10?
-69
-20 (base 12) to base 10
-24
-6 (base 15) to base 2
-110
What is -5 (base 9) in base 12?
-5
Convert 1 (base 8) to base 3.
1
What is -3 (base 4) in base 13?
-3
0 (base 14) to base 3
0
What is -19 (base 10) in base 15?
-14
-19 (base 13) to base 7
-31
What is 7 (base 9) in base 10?
7
Convert -1100 (base 2) to base 9.
-13
What is 1202 (base 3) in base 8?
57
465 (base 7) to base 5
1433
-14 (base 9) to base 13
-10
Convert -313 (base 7) to base 9.
-184
Convert -19b (base 15) to base 5.
-2441
Convert -10212 (base 3) to base 8.
-150
Convert -1 (base 14) to base 4.
-1
-12 (base 7) to base 5
-14
What is 18 (base 14) in base 16?
16
What is -1035 (base 7) in base 6?
-1413
Convert -a (base 11) to base 15.
-a
Convert 12 (base 6) to base 11.
8
Convert 5 (base 10) to base 12.
5
What is 231 (base 4) in base 12?
39
-22 (base 3) to base 5
-13
Convert -5a (base 12) to base 11.
-64
Convert 11 (base 6) to base 16.
7
4 (base 8) to base 10
4
Convert 34 (base 14) to base 9.
51
0 (base 2) to base 8
0
What is 1 (base 5) in base 4?
1
-70 (base 11) to base 7
-140
Convert 2 (base 16) to base 8.
2
-1201 (base 3) to base 6
-114
Convert -3 (base 13) to base 11.
-3
164 (base 11) to base 16
bf
Convert -47 (base 15) to base 7.
-124
0 (base 2) to base 14
0
17 (base 12) to base 3
201
Convert 7 (base 15) to base 4.
13
What is 282 (base 11) in base 3?
110022
18 (base 9) to base 11
16
Convert 1 (base 10) to base 9.
1
What is -1 (base 8) in base 12?
-1
What is -2 (base 12) in base 5?
-2
What is -3 (base 11) in base 10?
-3
a0 (base 16) to base 5
1120
-3 (base 6) to base 5
-3
110 (base 3) to base 12
10
Convert 0 (base 9) to base 3.
0
Convert -124 (base 7) to base 16.
-43
What is 1 (base 15) in base 12?
1
2021 (base 4) to base 10
137
Convert -73 (base 13) to base 16.
-5e
Convert 15 (base 6) to base 14.
b
What is -1 (base 4) in base 2?
-1
What is 1220 (base 3) in base 5?
201
Convert -3 (base 4) to base 3.
-10
What is 105 (base 6) in base 5?
131
Convert 3 (base 14) to base 16.
3
What is 9 (base 13) in base 3?
100
55 (base 7) to base 9
44
Convert -11110 (base 2) to base 4.
-132
What is 73 (base 11) in base 9?
88
Convert 404 (base 9) to base 8.
510
243 (base 5) to base 16
49
Convert -24 (base 16) to base 9.
-40
Convert -1 (base 4) to base 7.
-1
Convert -b (base 16) to base 10.
-11
What is -1 (base 14) in base 10?
-1
What is -8 (base 9) in base 3?
-22
-3 (base 10) to base 7
-3
Convert 5 (base 13) to base 14.
5
3 (base 10) to base 6
3
-11 (base 6) to base 5
-12
b (base 13) to base 9
12
-7b (base 16) to base 14
-8b
Convert 20 (base 13) to base 3.
222
Convert -1001 (base 2) to base 6.
-13
What is 213 (base 12) in base 2?
100101111
Convert 101 (base 3) to base 7.
13
Convert 21 (base 7) to base 3.
120
Convert -1 (base 7) to base 12.
-1
What is 3 (base 9) in base 16?
3
-38 (base 12) to base 10
-44
Convert -35 (base 6) to base 12.
-1b
What is 132 (base 11) in base 2?
10011100
Convert -120 (base 11) to base 10.
-143
What is 1 (base 8) in base 6?
1
What is -4 (base 9) in base 16?
-4
a (base 13) to base 12
a
20 (base 6) to base 14
c
Convert 5 (base 16) to base 9.
5
What is 5 (base 16) in base 15?
5
What is -32 (base 13) in base 15?
-2b
Convert -12 (base 4) to base 15.
-6
Convert b (base 12) to base 15.
b
What is -9d (base 15) in base 8?
-224
-2 (base 16) to base 2
-10
What is -47 (base 14) in base 7?
-120
Convert 2 (base 14) to base 12.
2
-10 (base 3) to base 4
-3
Convert -1 (base 2) to base 13.
-1
3 (base 11) to base 5
3
What is -1 (base 11) in base 9?
-1
Convert -4 (base 16) to base 8.
-4
What is 0 (base 11) in base 9?
0
Convert 0 (base 13) to base 15.
0
Convert 3 (base 14) to base 4.
3
-15 (base 10) to base 9
-16
What is 320 (base 4) in base 7?
110
2 (base 13) to base 5
2
-22 (base 4) to base 8
-12
-213 (base 4) to base 16
-27
What is -5 (base 11) in base 4?
-11
Convert 340 (base 9) to base 8.
427
2 (base 14) to base 12
2
-1 (base 8) to base 5
-1
Convert -2a (base 11) to base 8.
-40
Convert -112 (base 6) to base 16.
-2c
-3 (base 4) to base 9
-3
-74 (base 8) to base 11
-55
-3 (base 8) to base 12
-3
What is 26 (base 7) in base 16?
14
c (base 14) to base 6
20
3 (base 9) to base 13
3
What is 0 (base 2) in base 8?
0
126 (base 7) to base 8
105
227 (base 9) to base 13
115
Convert 83 (base 15) to base 2.
1111011
What is -95 (base 11) in base 14?
-76
1001 (base 2) to base 16
9
What is 0 (base 6) in base 13?
0
-160 (base 7) to base 4
-1123
4 (base 7) to base 14
4
What is -324 (base 5) in base 7?
-155
-1 (base 6) to base 2
-1
What is -1 (base 8) in base 6?
-1
-30 (base 11) to base 8
-41
-21 (base 15) to base 10
-31
What is 3 (base 16) in base 8?
3
What is -30 (base 5) in base 3?
-120
Convert 86 (base 14) to base 5.
433
Convert 4 (base 14) to base 9.
4
-a (base 16) to base 10
-10
0 (base 9) to base 14
0
What is 0 (base 16) in base 5?
0
Convert -3 (base 11) to base 3.
-10
What is -2 (base 4) in base 15?
-2
Convert -2 (base 10) to base 3.
-2
Convert -2 (base 6) to base 2.
-10
6 (base 13) to base 12
6
Convert -12 (base 12) to base 13.
-11
-2 (base 16) to base 14
-2
Convert -a (base 14) to base 11.
-a
13 (base 8) to base 13
b
Convert 15 (base 13) to base 7.
24
Convert -11 (base 7) to base 3.
-22
-1101 (base 2) to base 4
-31
What is 4 (base 15) in base 2?
100
-1 (base 3) to base 16
-1
What is -174 (base 15) in base 4?
-11032
What is -6 (base 16) in base 13?
-6
a (base 12) to base 14
a
What is -31 (base 5) in base 3?
-121
What is -19 (base 14) in base 7?
-32
What is -15 (base 6) in base 11?
-10
-8 (base 12) to base 5
-13
What is 0 (base 15) in base 5?
0
Convert 0 (base 5) to base 3.
0
Convert 12110 (base 3) to base 5.
1042
What is -21 (base 6) in base 15?
-d
Convert -34 (base 14) to base 5.
-141
Convert 1 (base 9) to base 14.
1
Convert -102 (base 7) to base 14.
-39
What is 100 (base 2) in base 13?
4
Convert -5 (base 13) to base 16.
-5
Convert -13 (base 10) to base 9.
-14
5 (base 12) to base 8
5
2 (base 8) to base 15
2
Convert 43 (base 16) to base 3.
2111
What is 0 (base 6) in base 2?
0
-1 (base 5) to base 11
-1
What is 1 (base 15) in base 4?
1
Convert -23 (base 5) to base 10.
-13
10 (base 5) to base 14
5
Convert 1 (base 9) to base 10.
1
Convert -1 (base 6) to base 9.
-1
Convert -124 (base 12) to base 4.
-2230
What is -10 (base 7) in base 16?
-7
Convert -5 (base 13) to base 14.
-5
-2022 (base 3) to base 13
-4a
Convert c (base 14) to base 16.
c
Convert 5 (base 11) to base 4.
11
Convert c (base 13) to base 3.
110
27 (base 12) to base 4
133
110 (base 2) to base 9
6
Convert -3 (base 16) to base 2.
-11
Convert 10 (base 5) to base 12.
5
Convert 1 (base 14) to base 8.
1
-c1 (base 16) to base 9
-234
What is -43 (base 16) in base 2?
-1000011
-37 (base 13) to base 12
-3a
What is 111 (base 5) in base 16?
1f
Convert -121 (base 3) to base 5.
-31
Convert -3 (base 12) to base 4.
-3
What is -102 (base 12) in base 10?
-146
Convert 2 (base 3) to base 7.
2
Convert -40 (base 13) to base 4.
-310
Convert -2 (base 7) to base 12.
-2
c2 (base 15) to base 11
156
-121 (base 4) to base 15
-1a
24 (base 5) to base 11
13
2 (base 13) to base 14
2
a3 (base 12) to base 16
7b
-1 (base 3) to base 15
-1
Convert -12 (base 4) to base 9.
-6
Convert 72 (base 11) to base 9.
87
Convert -25 (base 10) to base 2.
-11001
Convert -21 (base 3) to base 12.
-7
12 (base 4) to base 7
6
-2 (base 11) to base 9
-2
8 (base 16) to base 2
1000
What is 1 (base 4) in base 7?
1
-1 (base 9) to base 14
-1
-1 (base 8) to base 12
-1
Convert 11 (base 9) to base 11.
a
Convert 0 (base 6) to base 9.
0
Convert -11 (base 6) to base 12.
-7
Convert 3 (base 10) to base 16.
3
Convert -442 (base 8) to base 7.
-563
Convert -28 (base 16) to base 13.
-31
7 (base 14) to base 13
7
What is -1 (base 5) in base 6?
-1
-110111 (base 2) to base 12
-47
11 (base 12) to base 5
23
-22 (base 3) to base 11
-8
What is -102 (base 3) in base 5?
-21
Convert 12 (base 14) to base 11.
15
What is -6b (base 14) in base 13?
-74
1 (base 6) to base 9
1
Convert -4 (base 10) to base 4.
-10
2 (base 4) to base 5
2
What is -45 (base 10) in base 4?
-231
Convert 2 (base 16) to base 3.
2
Convert e (base 15) to